ue
Does 25 divide 25132?
False
Is 86 a factor of 813732?
True
Does 19 divide 81700?
True
Does 626 divide 557140?
True
Does 86 divide 170624?
True
Is 277 a factor of 261191?
False
Is 26795 a multiple of 233?
True
Is 23044 a multiple of 4?
True
Is 181826 a multiple of 229?
True
Does 2404 divide 7436894?
False
Does 3 divide 45090?
True
Is 350132 a multiple of 542?
True
Is 1022331 a multiple of 62?
False
Is 97 a factor of 45881?
True
Does 68 divide 90100?
True
Does 17 divide 9053520?
True
Does 9 divide 6764175?
True
Is 4700 a multiple of 5?
True
Is 21 a factor of 553455?
True
Does 28 divide 88181?
False
Is 13804212 a multiple of 52?
False
Does 7 divide 3084037?
False
Is 12 a factor of 1695550?
False
Does 17 divide 2341444?
True
Does 6 divide 165042?
True
Is 71788 a multiple of 2?
True
Does 2 divide 2932?
True
Does 189 divide 744359?
False
Does 105 divide 169365?
True
Is 610 a factor of 545044?
False
Does 28 divide 249482?
False
Is 1051006 a multiple of 473?
True
Is 8277091 a multiple of 139?
False
Does 43 divide 91685?
False
Does 34 divide 340575?
False
Does 50 divide 23370?
False
Is 12812349 a multiple of 154?
False
Is 457677 a multiple of 13?
False
Does 42 divide 487536?
True
Is 19490 a multiple of 26?
False
Does 31 divide 72602?
True
Does 15 divide 70365?
True
Does 85 divide 2077367?
False
Does 8 divide 39848?
True
Is 508 a factor of 3884676?
True
Is 14 a factor of 1677102?
True
Is 13 a factor of 16202569?
False
Is 66 a factor of 7194?
True
Does 152 divide 56544?
True
Is 419744 a multiple of 26?
True
Is 57 a factor of 97940?
False
Is 7 a factor of 961959?
False
Is 6451746 a multiple of 87?
True
Is 5857190 a multiple of 149?
True
Is 25 a factor of 1108243?
False
Is 694 a factor of 476778?
True
Does 23 divide 146188?
True
Is 2898904 a multiple of 280?
False
Does 15 divide 6806010?
True
Is 2133656 a multiple of 196?
True
Does 25 divide 6770219?
False
Does 5 divide 323575?
True
Is 6084 a multiple of 6?
True
Does 274 divide 646640?
True
Is 2431188 a multiple of 18?
True
Is 206415 a multiple of 33?
True
Is 780 a factor of 13777140?
True
Does 110 divide 8762600?
True
Does 4 divide 56206?
False
Is 92 a factor of 181371?
False
Is 1507552 a multiple of 32?
True
Is 26 a factor of 91728?
True
Is 23840 a multiple of 20?
True
Is 40 a factor of 1923488?
False
Is 95200 a multiple of 70?
True
Does 119 divide 680634?
False
Is 1370760 a multiple of 15?
True
Is 1995952 a multiple of 8?
True
Is 3678471 a multiple of 9?
True
Is 28184 a multiple of 32?
False
Is 42004 a multiple of 5?
False
Is 276676 a multiple of 263?
True
Is 371939 a multiple of 59?
False
Is 168100 a multiple of 820?
True
Is 308087 a multiple of 253?
False
Does 33 divide 25466?
False
Is 2 a factor of 58469?
False
Does 20 divide 91723?
False
Is 10245 a multiple of 11?
False
Is 944376 a multiple of 487?
False
Is 224525 a multiple of 35?
True
Does 10 divide 388738?
False
Is 9 a factor of 1948724?
False
Is 1576190 a multiple of 46?
True
Does 43 divide 134476?
False
Does 10 divide 10453180?
True
Is 35 a factor of 94294?
False
Is 38 a factor of 35604?
False
Is 7376586 a multiple of 18?
False
Does 12 divide 47635?
False
Is 169058 a multiple of 274?
True
Is 5 a factor of 3646139?
False
Does 53 divide 837252?
False
Is 69 a factor of 3189870?
True
Does 5 divide 89714?
False
Is 7344306 a multiple of 47?
False
Does 16 divide 616567?
False
Does 157 divide 587872?
False
Is 61525 a multiple of 535?
True
Is 1977905 a multiple of 5?
True
Is 297 a factor of 2081376?
True
Does 25 divide 528535?
False
Does 154 divide 2223606?
True
Is 6 a factor of 431262?
True
Is 608917 a multiple of 32?
False
Is 81 a factor of 1516866?
False
Is 101990 a multiple of 31?
True
Is 904260 a multiple of 342?
False
Does 13 divide 19058?
True
Does 110 divide 398967?
False
Is 462600 a multiple of 131?
False
Is 86055 a multiple of 321?
False
Is 11 a factor of 546876?
True
Is 16976689 a multiple of 19?
False
Does 76 divide 5538196?
True
Is 6501 a multiple of 33?
True
Is 89 a factor of 4057243?
True
Is 15 a factor of 1197240?
True
Is 54 a factor of 2059820?
False
Is 101588 a multiple of 30?
False
Does 151 divide 212457?
True
Does 99 divide 1360775?
False
Does 64 divide 5016355?
False
Is 47 a factor of 484429?
True
Is 192285 a multiple of 15?
True
Is 27 a factor of 110106?
True
Is 95 a factor of 5965?
False
Does 14 divide 1452223?
False
Is 7 a factor of 1216187?
True
Does 7 divide 52467?
False
Is 2148757 a multiple of 18?
False
Does 8 divide 69176?
True
Is 317 a factor of 2420537?
False
Does 198 divide 3166?
False
Is 71403 a multiple of 398?
False
Does 22 divide 644578?
True
Does 545 divide 15686?
False
Does 1275 divide 10938702?
False
Is 87797 a multiple of 28?
False
Does 22 divide 2063342?
False
Does 242 divide 14198?
False
Does 4 divide 73561?
False
Is 13 a factor of 109527?
False
Is 25 a factor of 1304700?
True
Is 16920442 a multiple of 14?
True
Is 1735505 a multiple of 313?
False
Does 15 divide 98995?
False
Is 21 a factor of 313475?
False
Is 60 a factor of 425160?
True
Does 28 divide 287476?
True
Is 159602 a multiple of 37?
False
Is 70 a factor of 4546673?
False
Does 26 divide 1101918?
False
Is 530604 a multiple of 4?
True
Does 356 divide 2342224?
False
Is 82 a factor of 151126?
True
Does 1736 divide 1086736?
True
Is 24 a factor of 180216?
True
Is 238500 a multiple of 250?
True
Is 141 a factor of 439204?
False
Is 2996135 a multiple of 17?
False
Is 424725 a multiple of 21?
True
Does 19 divide 292802?
False
Is 90 a factor of 267200?
False
Is 27 a factor of 186354?
True
Does 8 divide 178223?
False
Is 24 a factor of 743593?
False
Is 210 a factor of 512147?
False
Is 950620 a multiple of 580?
True
Does 72 divide 31608?
True
Is 1977918 a multiple of 463?
False
Is 533484 a multiple of 116?
True
Is 3355604 a multiple of 518?
True
Is 3066021 a multiple of 63?
True
Does 103 divide 489997?
False
Is 751170 a multiple of 146?
True
Does 115 divide 260475?
True
Does 13 divide 1607148?
False
Is 37 a factor of 167550?
False
Is 12 a factor of 3349428?
True
Is 392706 a multiple of 6?
True
Is 89876 a multiple of 210?
False
Does 29 divide 512086?
False
Does 147 divide 2107392?
True
Is 8032 a multiple of 72?
False
Does 7 divide 208032?
False
Is 109 a factor of 270758?
False
Is 798917 a multiple of 27?
False
Is 4 a factor of 884077?
False
Is 5757540 a multiple of 65?
False
Is 2366079 a multiple of 23?
True
Is 39 a factor of 196131?
True
Is 113 a factor of 925131?
True
Does 11 divide 774793?
False
Is 325 a factor of 5926580?
False
Does 13 divide 1400962?
False
Is 66 a factor of 142890?
True
Is 702 a factor of 1141452?
True
Is 1975046 a multiple of 12?
False
Is 21 a factor of 3319517?
False
Does 28 divide 1275820?
True
Is 1174160 a multiple of 104?
True
Is 8 a factor of 9235408?
True
Does 15 divide 1454415?
True
Does 20 divide 315440?
True
Is 43602323 a multiple of 17?
False
Does 163 divide 1270539?
False
Does 414 divide 2886880?
False
Is 2823347 a multiple of 440?
False
Is 17 a factor of 11013790?
True
Is 4 a factor of 85029?
False
Is 66 a factor of 61114?
False
Is 38 a factor of 366284?
False
Is 32 a factor of 1324512?
True
Is 443358 a multiple of 18?
True
Is 81 a factor of 255312?
True
Is 4593393 a multiple of 34?
False
Is 24 a factor of 41096?
False
Is 527530 a multiple of 204?
False
Is 18450768 a multiple of 623?
True
Does 403 divide 2783556?
False
Does 781 divide 615428?
True
Does 4 divide 39833?
False
Does 15 divide 4680390?
True
Is 76 a factor of 8794720?
True
Does 170 divide 2314720?
True
Does 13 divide 4942418?
True
Is 590688 a multiple of 12?
True
Is 26 a factor of 123578?
True
Does 74 divide 13230462?
False
Is 745255 a multiple of 6?
False
Is 3779261 a multiple of 882?
False
Is 10 a factor of 720154?
False
Does 32 divide 68032?
True
Does 180 divide 294521?
False
Is 5421339 a multiple of 693?
True
Does 55 divide 8809771?
False
Is 578740 a multiple of 309?
False
Does 48 divide 3564576?
True
Does 10 divide 30380?
True
Is 262876 a multiple of 10?
False
Does 14 divide 153384?
True
Is 20 a factor of 289680?
True
Is 142357 a multiple of 68?
False
Is 323 a factor of 98515?
True
Does 971 divide 4412740?
False
Is 203 a factor of 305312?
True
Does 6 divide 127302?
True
Is 1027 a factor of 137618?
True
Does 52 divide 20800?
True
Does 11 divide 4538611?
True
Is 38